{"id":1608,"date":"2023-03-03T15:39:33","date_gmt":"2023-03-03T14:39:33","guid":{"rendered":"http:\/\/kalwaria-mazowsza.org\/?page_id=1608"},"modified":"2025-04-11T12:08:52","modified_gmt":"2025-04-11T10:08:52","slug":"patronat","status":"publish","type":"page","link":"http:\/\/kalwaria-mazowsza.org\/?page_id=1608","title":{"rendered":"PATRONAT"},"content":{"rendered":"\n<h2 class=\"wp-block-heading has-text-color has-link-color wp-elements-9bbdc37f601da6dccf9d03e8f3f2a147\" style=\"color:#800000\">Patroni Misterium AD 2025<\/h2>\n\n\n<div class=\"wp-block-image\">\n<figure class=\"aligncenter size-large\"><a href=\"http:\/\/kalwaria-mazowsza.org\/wp-content\/uploads\/2025\/04\/patronat.webp\"><img loading=\"lazy\" decoding=\"async\" width=\"1024\" height=\"398\" src=\"http:\/\/kalwaria-mazowsza.org\/wp-content\/uploads\/2025\/04\/patronat-1024x398.webp\" alt=\"\" class=\"wp-image-1799\" srcset=\"http:\/\/kalwaria-mazowsza.org\/wp-content\/uploads\/2025\/04\/patronat-1024x398.webp 1024w, http:\/\/kalwaria-mazowsza.org\/wp-content\/uploads\/2025\/04\/patronat-300x117.webp 300w, http:\/\/kalwaria-mazowsza.org\/wp-content\/uploads\/2025\/04\/patronat-768x298.webp 768w, http:\/\/kalwaria-mazowsza.org\/wp-content\/uploads\/2025\/04\/patronat-1536x596.webp 1536w, http:\/\/kalwaria-mazowsza.org\/wp-content\/uploads\/2025\/04\/patronat-2048x795.webp 2048w, http:\/\/kalwaria-mazowsza.org\/wp-content\/uploads\/2025\/04\/patronat-150x58.webp 150w, http:\/\/kalwaria-mazowsza.org\/wp-content\/uploads\/2025\/04\/patronat-250x97.webp 250w\" sizes=\"auto, (max-width: 1024px) 100vw, 1024px\" \/><\/a><\/figure><\/div>\n\n\n<h2 class=\"wp-block-heading has-text-color has-link-color wp-elements-24aa4bd73ff99e3a73b3a502526bd7bb\" style=\"color:#800000\">Patronat honorowy<\/h2>\n\n\n\n<p>Z rado\u015bci\u0105 informujemy, \u017ce ks. Kardyna\u0142 Kazimierz Nycz Arcybiskup Metropolita Warszawski obj\u0105\u0142 honorowym patronatem nasze XI Misterium M\u0119ki Pa\u0144skiej. Jeszcze raz serdecznie zapraszamy 23.03.2024 r. godz. 15. Rynek Miejski w G\u00f3rze Kalwarii!!!<\/p>\n\n\n<div class=\"wp-block-image\">\n<figure class=\"aligncenter size-full\"><a href=\"http:\/\/kalwaria-mazowsza.org\/wp-content\/uploads\/2024\/03\/PATRONAT-2024.jpg\" rel=\"lightbox[1608]\"><img loading=\"lazy\" decoding=\"async\" width=\"1200\" height=\"1600\" src=\"http:\/\/kalwaria-mazowsza.org\/wp-content\/uploads\/2024\/03\/PATRONAT-2024.jpg\" alt=\"\" class=\"wp-image-1724\" srcset=\"http:\/\/kalwaria-mazowsza.org\/wp-content\/uploads\/2024\/03\/PATRONAT-2024.jpg 1200w, http:\/\/kalwaria-mazowsza.org\/wp-content\/uploads\/2024\/03\/PATRONAT-2024-225x300.jpg 225w, http:\/\/kalwaria-mazowsza.org\/wp-content\/uploads\/2024\/03\/PATRONAT-2024-768x1024.jpg 768w, http:\/\/kalwaria-mazowsza.org\/wp-content\/uploads\/2024\/03\/PATRONAT-2024-1152x1536.jpg 1152w, http:\/\/kalwaria-mazowsza.org\/wp-content\/uploads\/2024\/03\/PATRONAT-2024-113x150.jpg 113w\" sizes=\"auto, (max-width: 1200px) 100vw, 1200px\" \/><\/a><\/figure><\/div>\n\n\n<h2 class=\"wp-block-heading has-text-color has-link-color wp-elements-4be3b21939996f40dd4eb61bf5644a56\" style=\"color:#800000\">Patronat Ministerstwa Kultury i Dziedzictwa Narodowego<\/h2>\n\n\n\n<p>Misterium M\u0119ki Pa\u0144skiej AD 2024 w G\u00f3rze Kalwarii dofinansowano ze \u015brodk\u00f3w Ministra Kultury i Dziedzictwa Narodowego pochodz\u0105cych z Funduszu Promocji Kultury \u2013 pa\u0144stwowego funduszu celowego.<\/p>\n\n\n\n<figure class=\"wp-block-image size-large\"><a href=\"http:\/\/kalwaria-mazowsza.org\/wp-content\/uploads\/2024\/05\/Logo_MKiDN.jpg\" rel=\"lightbox[1608]\"><img loading=\"lazy\" decoding=\"async\" width=\"1024\" height=\"288\" src=\"http:\/\/kalwaria-mazowsza.org\/wp-content\/uploads\/2024\/05\/Logo_MKiDN-1024x288.jpg\" alt=\"\" class=\"wp-image-1731\" srcset=\"http:\/\/kalwaria-mazowsza.org\/wp-content\/uploads\/2024\/05\/Logo_MKiDN-1024x288.jpg 1024w, http:\/\/kalwaria-mazowsza.org\/wp-content\/uploads\/2024\/05\/Logo_MKiDN-300x84.jpg 300w, http:\/\/kalwaria-mazowsza.org\/wp-content\/uploads\/2024\/05\/Logo_MKiDN-768x216.jpg 768w, http:\/\/kalwaria-mazowsza.org\/wp-content\/uploads\/2024\/05\/Logo_MKiDN-1536x432.jpg 1536w, http:\/\/kalwaria-mazowsza.org\/wp-content\/uploads\/2024\/05\/Logo_MKiDN-150x42.jpg 150w, http:\/\/kalwaria-mazowsza.org\/wp-content\/uploads\/2024\/05\/Logo_MKiDN-250x70.jpg 250w, http:\/\/kalwaria-mazowsza.org\/wp-content\/uploads\/2024\/05\/Logo_MKiDN.jpg 1600w\" sizes=\"auto, (max-width: 1024px) 100vw, 1024px\" \/><\/a><\/figure>\n\n\n\n<h2 class=\"wp-block-heading has-text-color has-link-color wp-elements-18e9e43e7773c0fd0d3982bf22376623\" style=\"color:#800000\">Patronat medialny<\/h2>\n\n\n\n<p>Niezwykle mi\u0142o nam poinformowa\u0107, \u017ce patronat medialny nad naszym Misterium obj\u0119\u0142y dwa katolickie tygodniki: <strong>Go\u015b\u0107 Niedzielny<\/strong> oraz <strong>Niedziela<\/strong>, a tak\u017ce dwie stacje radiowe: <strong>Radio Warszawa<\/strong> oraz <strong>Radio<\/strong> <strong>Wnet<\/strong>.<\/p>\n\n\n<div class=\"wp-block-image\">\n<figure class=\"aligncenter size-full\"><a href=\"http:\/\/kalwaria-mazowsza.org\/wp-content\/uploads\/2023\/03\/goscniedzielny-logo655.png\" rel=\"lightbox[1608]\"><img loading=\"lazy\" decoding=\"async\" width=\"655\" height=\"410\" src=\"http:\/\/kalwaria-mazowsza.org\/wp-content\/uploads\/2023\/03\/goscniedzielny-logo655.png\" alt=\"\" class=\"wp-image-1617\" srcset=\"http:\/\/kalwaria-mazowsza.org\/wp-content\/uploads\/2023\/03\/goscniedzielny-logo655.png 655w, http:\/\/kalwaria-mazowsza.org\/wp-content\/uploads\/2023\/03\/goscniedzielny-logo655-300x188.png 300w, http:\/\/kalwaria-mazowsza.org\/wp-content\/uploads\/2023\/03\/goscniedzielny-logo655-150x94.png 150w, http:\/\/kalwaria-mazowsza.org\/wp-content\/uploads\/2023\/03\/goscniedzielny-logo655-240x150.png 240w\" sizes=\"auto, (max-width: 655px) 100vw, 655px\" \/><\/a><\/figure><\/div>\n\n<div class=\"wp-block-image\">\n<figure class=\"aligncenter size-large\"><a href=\"http:\/\/kalwaria-mazowsza.org\/wp-content\/uploads\/2023\/03\/niedziela_Regina1926_CMYK.jpg\" rel=\"lightbox[1608]\"><img loading=\"lazy\" decoding=\"async\" width=\"1024\" height=\"223\" src=\"http:\/\/kalwaria-mazowsza.org\/wp-content\/uploads\/2023\/03\/niedziela_Regina1926_CMYK-1024x223.jpg\" alt=\"\" class=\"wp-image-1618\" srcset=\"http:\/\/kalwaria-mazowsza.org\/wp-content\/uploads\/2023\/03\/niedziela_Regina1926_CMYK-1024x223.jpg 1024w, http:\/\/kalwaria-mazowsza.org\/wp-content\/uploads\/2023\/03\/niedziela_Regina1926_CMYK-300x65.jpg 300w, http:\/\/kalwaria-mazowsza.org\/wp-content\/uploads\/2023\/03\/niedziela_Regina1926_CMYK-768x167.jpg 768w, http:\/\/kalwaria-mazowsza.org\/wp-content\/uploads\/2023\/03\/niedziela_Regina1926_CMYK-1536x335.jpg 1536w, http:\/\/kalwaria-mazowsza.org\/wp-content\/uploads\/2023\/03\/niedziela_Regina1926_CMYK-2048x446.jpg 2048w, http:\/\/kalwaria-mazowsza.org\/wp-content\/uploads\/2023\/03\/niedziela_Regina1926_CMYK-150x33.jpg 150w, http:\/\/kalwaria-mazowsza.org\/wp-content\/uploads\/2023\/03\/niedziela_Regina1926_CMYK-250x55.jpg 250w\" sizes=\"auto, (max-width: 1024px) 100vw, 1024px\" \/><\/a><\/figure><\/div>\n\n\n<figure class=\"wp-block-image size-large\"><a href=\"http:\/\/kalwaria-mazowsza.org\/wp-content\/uploads\/2023\/03\/RW_wersja-podstawowa_bez-linera_CMYK.jpg\" rel=\"lightbox[1608]\"><img loading=\"lazy\" decoding=\"async\" width=\"1024\" height=\"547\" src=\"http:\/\/kalwaria-mazowsza.org\/wp-content\/uploads\/2023\/03\/RW_wersja-podstawowa_bez-linera_CMYK-1024x547.jpg\" alt=\"\" class=\"wp-image-1624\" srcset=\"http:\/\/kalwaria-mazowsza.org\/wp-content\/uploads\/2023\/03\/RW_wersja-podstawowa_bez-linera_CMYK-1024x547.jpg 1024w, http:\/\/kalwaria-mazowsza.org\/wp-content\/uploads\/2023\/03\/RW_wersja-podstawowa_bez-linera_CMYK-300x160.jpg 300w, http:\/\/kalwaria-mazowsza.org\/wp-content\/uploads\/2023\/03\/RW_wersja-podstawowa_bez-linera_CMYK-768x410.jpg 768w, http:\/\/kalwaria-mazowsza.org\/wp-content\/uploads\/2023\/03\/RW_wersja-podstawowa_bez-linera_CMYK-150x80.jpg 150w, http:\/\/kalwaria-mazowsza.org\/wp-content\/uploads\/2023\/03\/RW_wersja-podstawowa_bez-linera_CMYK-250x134.jpg 250w, http:\/\/kalwaria-mazowsza.org\/wp-content\/uploads\/2023\/03\/RW_wersja-podstawowa_bez-linera_CMYK.jpg 1402w\" sizes=\"auto, (max-width: 1024px) 100vw, 1024px\" \/><\/a><\/figure>\n\n\n\n<figure class=\"wp-block-image size-large is-resized\"><a href=\"http:\/\/kalwaria-mazowsza.org\/wp-content\/uploads\/2023\/03\/Radio_Wnet.png\" rel=\"lightbox[1608]\"><img loading=\"lazy\" decoding=\"async\" width=\"1024\" height=\"563\" src=\"http:\/\/kalwaria-mazowsza.org\/wp-content\/uploads\/2023\/03\/Radio_Wnet-1024x563.png\" alt=\"\" class=\"wp-image-1625\" style=\"width:838px;height:460px\" srcset=\"http:\/\/kalwaria-mazowsza.org\/wp-content\/uploads\/2023\/03\/Radio_Wnet-1024x563.png 1024w, http:\/\/kalwaria-mazowsza.org\/wp-content\/uploads\/2023\/03\/Radio_Wnet-300x165.png 300w, http:\/\/kalwaria-mazowsza.org\/wp-content\/uploads\/2023\/03\/Radio_Wnet-768x422.png 768w, http:\/\/kalwaria-mazowsza.org\/wp-content\/uploads\/2023\/03\/Radio_Wnet-1536x845.png 1536w, http:\/\/kalwaria-mazowsza.org\/wp-content\/uploads\/2023\/03\/Radio_Wnet-2048x1126.png 2048w, http:\/\/kalwaria-mazowsza.org\/wp-content\/uploads\/2023\/03\/Radio_Wnet-150x83.png 150w, http:\/\/kalwaria-mazowsza.org\/wp-content\/uploads\/2023\/03\/Radio_Wnet-250x138.png 250w\" sizes=\"auto, (max-width: 1024px) 100vw, 1024px\" \/><\/a><\/figure>\n","protected":false},"excerpt":{"rendered":"<p>Patroni Misterium AD 2025 Patronat honorowy Z rado\u015bci\u0105 informujemy, \u017ce ks. Kardyna\u0142 Kazimierz Nycz Arcybiskup Metropolita Warszawski obj\u0105\u0142 honorowym patronatem nasze XI Misterium M\u0119ki Pa\u0144skiej. Jeszcze raz serdecznie zapraszamy 23.03.2024 r. godz. 15. Rynek Miejski w G\u00f3rze Kalwarii!!! Patronat Ministerstwa Kultury i Dziedzictwa Narodowego Misterium M\u0119ki Pa\u0144skiej AD 2024 w \u2026 <a class=\"continue-reading-link\" href=\"http:\/\/kalwaria-mazowsza.org\/?page_id=1608\"> Continue reading <span class=\"meta-nav\">&rarr; <\/span><\/a><\/p>\n","protected":false},"author":1,"featured_media":0,"parent":0,"menu_order":0,"comment_status":"closed","ping_status":"closed","template":"","meta":{"_eb_attr":"","footnotes":""},"class_list":["post-1608","page","type-page","status-publish","hentry"],"_links":{"self":[{"href":"http:\/\/kalwaria-mazowsza.org\/index.php?rest_route=\/wp\/v2\/pages\/1608","targetHints":{"allow":["GET"]}}],"collection":[{"href":"http:\/\/kalwaria-mazowsza.org\/index.php?rest_route=\/wp\/v2\/pages"}],"about":[{"href":"http:\/\/kalwaria-mazowsza.org\/index.php?rest_route=\/wp\/v2\/types\/page"}],"author":[{"embeddable":true,"href":"http:\/\/kalwaria-mazowsza.org\/index.php?rest_route=\/wp\/v2\/users\/1"}],"replies":[{"embeddable":true,"href":"http:\/\/kalwaria-mazowsza.org\/index.php?rest_route=%2Fwp%2Fv2%2Fcomments&post=1608"}],"version-history":[{"count":15,"href":"http:\/\/kalwaria-mazowsza.org\/index.php?rest_route=\/wp\/v2\/pages\/1608\/revisions"}],"predecessor-version":[{"id":1802,"href":"http:\/\/kalwaria-mazowsza.org\/index.php?rest_route=\/wp\/v2\/pages\/1608\/revisions\/1802"}],"wp:attachment":[{"href":"http:\/\/kalwaria-mazowsza.org\/index.php?rest_route=%2Fwp%2Fv2%2Fmedia&parent=1608"}],"curies":[{"name":"wp","href":"https:\/\/api.w.org\/{rel}","templated":true}]}}